 y and a?
22
Suppose -2*n - 4*q + 20 = -0*n, 0 = -2*q + 2. Suppose -70*i - 6240 = -460*i. What is the highest common factor of n and i?
8
Let w be (-14)/8 + (-7855)/(-20). Calculate the highest common divisor of 34 and w.
17
Let p(f) = -f**2 - 5*f - 2. Let v be p(-2). Suppose v = -k + 3*k. What is the greatest common factor of 16 and k?
2
Let b(h) = -2*h**2 + 31*h + 116. Let u be b(-3). What is the greatest common divisor of 185 and u?
5
Let j be (-2)/11 - (-12024)/792. What is the greatest common factor of 125 and j?
5
Let d = -7 - -16. Let m be (6/d)/(2/12). Suppose 4*i - 5*r - 62 = 0, -m*i + i - 4*r + 31 = 0. What is the greatest common divisor of i and 91?
13
Let h be 49 + 1 + -2 + 0. Suppose 0 = w + 2 - 115. Suppose -4*m - 3*k + w = 0, -4*k = -2*m + 4*m - 44. Calculate the highest common divisor of h and m.
16
Suppose -12*k + 36 = -10*k. Suppose 3*d - 8 = -d. Calculate the greatest common divisor of k and d.
2
Let m be (33/39 - 1) + 30968/1027. Calculate the highest common factor of m and 340.
10
Let g = 42 + -15. Let j(k) = -k**3 + 4*k**2 + 5*k - 2. Let d be j(4). Calculate the highest common factor of g and d.
9
Suppose -15 - 5 = -2*d. Let u = 7 - 1. Let s = 44 + u. What is the highest common factor of d and s?
10
Let o(h) = h**3 - 18*h**2 + 19*h - 25. Suppose 48 = 4*r - m - 15, -5*r = 5*m - 110. Let y be o(r). What is the greatest common divisor of y and 9?
9
Let t = -1949 - -3491. Let p be 1/3 - t/(-18). Calculate the greatest common divisor of 43 and p.
43
Suppose -w + 3*i + 185 = -i, -w + 2*i = -193. What is the greatest common factor of w and 536?
67
Let m(g) = -2*g + 224. Let j be m(-28). What is the highest common factor of j and 60?
20
Let k(u) = 12*u**2 - 4*u**2 - 7*u**2 + u + 2 + 2*u**3 + 0*u. Let a = 5 - 3. Let b be k(a). What is the highest common divisor of b and 3?
3
Suppose 0 = 3*v - v - 8. Suppose 4*a + 14 + 6 = 0, 3*q + v*a - 94 = 0. What is the greatest common factor of 266 and q?
38
Suppose -95*d + 105 = -80*d. What is the highest common factor of d and 511?
7
Suppose -3*d + 468 = x + 41, 3*d + 4*x - 421 = 0. Let g = d + -135. What is the greatest common divisor of 8 and g?
8
Suppose 0 = -l - 3 + 12. Let t be -13 - (-6)/2 - (-5 + 1). Let z be (-4 + 52)/((-4)/t). What is the highest common factor of z and l?
9
Let k(z) = z**3 + 8*z**2 + 8*z - 9. Let l be k(-7). Let n = 22 + l. Suppose 12 = 33*q - 29*q. Calculate the greatest common divisor of n and q.
3
Let m be 15 + (-10 - -640) + 0 + -1. What is the highest common factor of m and 28?
28
Suppose 158*i = -12*i + i + 3549. Suppose 6*g = 4*g + 98. Calculate the greatest common factor of g and i.
7
Let l = -10 + 29. Let k(x) = -x**3 - 14*x**2 + 13*x - 11. Let m be k(-15). Calculate the greatest common factor of l and m.
19
Suppose -686 = -15*q + 574. What is the greatest common factor of q and 210?
42
Let w(u) = 13*u - 2. Let y(a) = 13*a - 2. Let g(k) = -5*w(k) + 4*y(k). Let n = 27 + -29. Let m be g(n). What is the greatest common factor of m and 56?
28
Let s(f) = -8*f - 217. Let k be s(-35). What is the greatest common factor of k and 7?
7
Suppose -3*j + 0*j = -30. Suppose 32*v = 27*v + 10. Suppose -v*o + 8 = -3*f + 3*o, -2*o = f - 12. Calculate the highest common factor of f and j.
2
Suppose -4*k + 2*o + 3 = -15, -k = 2*o - 7. What is the highest common divisor of 40 and k?
5
Suppose 15*m - 572 + 152 = 0. Let f(l) = 5*l - 9. Let p(i) = 4*i - 8. Let x(g) = -2*f(g) + 3*p(g). Let t be x(5). What is the greatest common factor of t and m?
4
Let b = -29 + 32. Suppose 8*n - b*n - 825 = 0. What is the highest common factor of 15 and n?
15
Suppose -g = -3*f - 151, 2*f = 5*f - 9. Let q = 32 - -32. What is the greatest common divisor of g and q?
32
Let y be (2 + 7)*2/(-1). Let k(q) = q**2 + 13*q - 5. Let c be k(y). What is the highest common factor of 17 and c?
17
Let w(c) = 2*c**2 - 10*c. Let u be w(9). Suppose 7*t - u = t. What is the highest common divisor of t and 12?
12
Suppose 0 = -38*a - 3311 + 11481. What is the highest common divisor of a and 301?
43
Suppose 7 = 4*n - 5*s - 44, -2*n + 63 = 5*s. Suppose -2*g + 0*g = 0, 3*x = 3*g + 81. Let a = -8 + x. What is the highest common factor of n and a?
19
Let b be 6 + -2 + (0 - -5). Suppose 64 = 2*c - 2*p, 4*p = p + b. Suppose 8*y - c = 3*y. What is the greatest common factor of y and 28?
7
Let t = 1434 + -1403. Let i be (-2)/4*0/1. Suppose -1018 = -3*c + 5*h, 3*h + i*h + 1361 = 4*c. Calculate the greatest common divisor of c and t.
31
Suppose 10 - 24 = 2*d. Let f(m) = -165*m**3 - 7*m**2 - 2 + 332*m**3 - m - 168*m**3. Let v be f(d). What is the greatest common factor of v and 1?
1
Let i = 9 + -3. Let x be (-110)/(-3) - 4/i. Let n(w) = 2*w + 108. Let j be n(-9). Calculate the highest common divisor of x and j.
18
Suppose 10 = 2*m - 10. Let i be (87/58)/((-2)/(-120)). What is the highest common divisor of i and m?
10
Let k(h) = 2*h**3 + 3*h**2 - 4*h + 3. Let d be k(2). Let s be (3 - -2)/(-5) + 47. Suppose 3*l + s = 4*l. Calculate the greatest common divisor of l and d.
23
Let m be -4 + (-705)/10 - (-1)/(-2). Let q = 94 + m. What is the highest common factor of q and 19?
19
Let f(a) = -5*a + 55. Let b be f(-5). What is the highest common divisor of b and 16?
16
Suppose -13*h + 8*h + 560 = 0. What is the highest common divisor of h and 7?
7
Suppose 7*w - 31 + 87 = 0. Let o = 11 + w. What is the greatest common divisor of 39 and o?
3
Let g = -404 - -558. Let f = -1 + -2. Let o be (-86)/(-6) - (-1)/f. What is the greatest common factor of o and g?
14
Suppose 9*j - 19 = 53. Let b = 4 - 10. Let l = -2 - b. Calculate the highest common factor of l and j.
4
Let v(t) = -2*t**3 - 2*t**2 + t - 6. Let q be ((-25)/(-10) - 1/(-2))/(-1). Let m be v(q). Calculate the greatest common divisor of m and 36.
9
Suppose -17*g + 2700 = 8*g. What is the greatest common divisor of g and 234?
18
Let a(g) = -g**3 - 6*g**2 - 6*g - 13. Let t be a(-6). Let l be t/2 - (-3)/6. Calculate the greatest common divisor of 4 and l.
4
Let d(y) = y**2 + y - 8. Let o be d(4). Let x be -16*o/32*-2. Let b = x + 10. Calculate the highest common factor of 198 and b.
22
Let c = -9 + 33. Let j(w) = -w**3 + 14*w**2 + 2*w - 16. Let v be j(14). Calculate the greatest common divisor of v and c.
12
Let c = -1204 + 1212. What is the greatest common divisor of 106 and c?
2
Let g be ((-364)/117)/((-58)/18 + 3). Let i(j) = -j**3 - 4*j**2 - 2*j - 7. Let s be i(-5). Suppose 4*y + 0 = s. What is the greatest common divisor of g and y?
7
Let v(b) = 3*b**3 + 116*b**2 - 39*b + 133. Let z be v(-39). Calculate the highest common factor of 931 and z.
133
Suppose -30*i + 4440 = 6*i + i. Let w = 0 + 48. Calculate the highest common divisor of w and i.
24
Suppose -o = -0 + 13. Let n = o - -20. Suppose -n - 2 = -3*b. Calculate the greatest common divisor of 2 and b.
1
Let t = -156 + 200. Calculate the greatest common divisor of t and 2.
2
Let x be (-6)/(-4) - ((-42)/12 - -3). Suppose -5*y - 2*i + 4 = -2*y, -5*y - x*i + 12 = 0. What is the highest common divisor of 6 and y?
2
Let u(n) = n**3 + 22*n**2 + 26*n + 130. Let w be u(-21). Calculate the highest common divisor of 95 and w.
5
Suppose -2*c - 3 = -3*c, -4*c + 89 = l. What is the greatest common factor of 154 and l?
77
Suppose 2162 + 918 = 8*f. What is the greatest common factor of f and 55?
55
Let x be 18/10*(4 - (-2 - -1)). Suppose 4*p - 25 = -x. Calculate the highest common divisor of 44 and p.
4
Suppose 2 = 2*x, -n = 4*x - 194 - 266. Calculate the greatest common divisor of n and 24.
24
Suppose 43*y - 32*y - 132 = 0. What is the greatest common factor of y and 24?
12
Let a(i) = 13*i**2 - 57*i + 29. Let p be a(8). What is the greatest common divisor of p and 270?
135
Suppose -5*q + 225 = -2*s, 3*s = q + s - 53. What is the greatest common divisor of q and 559?
43
Let y = -81 - -431. Suppose -7*x + y = -5*x. Suppose -3*a = w + 2*a - 40, 2*a = 3*w - 69. What is the greatest common divisor of x and w?
25
Let n be ((5 - 4) + (-6)/15)*10. Calculate the highest common factor of 42 and n.
6
Let f = 28 - 11. Let b = 58 + f. What is the greatest common divisor of 25 and b?
25
Suppose -2*a = g - 1211, -5*g + 3*a + 6079 = 7*a. What is the highest common divisor of 53 and g?
53
Suppose 0 = -3*w + 2*a + 35, 3*a - 19 = -w - 0*a. What is the highest comm